{"id":8,"date":"2020-11-24T15:28:34","date_gmt":"2020-11-24T14:28:34","guid":{"rendered":"https:\/\/impuls.blazowa.net\/?page_id=8"},"modified":"2023-11-09T11:04:01","modified_gmt":"2023-11-09T10:04:01","slug":"kontakt","status":"publish","type":"page","link":"https:\/\/impuls.blazowa.net\/index.php\/kontakt\/","title":{"rendered":"Kontakt"},"content":{"rendered":"\n<p><strong>IMPULS Stowarzyszenie Rozwoju i Promocji Gminy B\u0142a\u017cowa<\/strong><br>Plac Im. ks. Adolfa Kowala 1, 36-030 B\u0142a\u017cowa<br>NIP: 8133651261<\/p>\n\n\n\n<p>KRS: 0000384281, REGON: 180690367<\/p>\n\n\n\n<p>Bank Sp\u00f3\u0142dzielczy w B\u0142a\u017cowej 34 9158 0001 2001 0008 6408 0001<\/p>\n\n\n\n<p>e-mail: stsblazowa@gmail.com<\/p>\n","protected":false},"excerpt":{"rendered":"<p>IMPULS Stowarzyszenie Rozwoju i Promocji Gminy B\u0142a\u017cowaPlac Im. ks. Adolfa Kowala 1, 36-030 B\u0142a\u017cowaNIP: 8133651261 KRS: 0000384281, REGON: 180690367 Bank Sp\u00f3\u0142dzielczy w B\u0142a\u017cowej 34 9158 0001 2001 0008 6408 0001 e-mail: stsblazowa@gmail.com<\/p>\n","protected":false},"author":1,"featured_media":0,"parent":0,"menu_order":0,"comment_status":"closed","ping_status":"closed","template":"","meta":{"footnotes":""},"class_list":["post-8","page","type-page","status-publish","hentry"],"_links":{"self":[{"href":"https:\/\/impuls.blazowa.net\/index.php\/wp-json\/wp\/v2\/pages\/8","targetHints":{"allow":["GET"]}}],"collection":[{"href":"https:\/\/impuls.blazowa.net\/index.php\/wp-json\/wp\/v2\/pages"}],"about":[{"href":"https:\/\/impuls.blazowa.net\/index.php\/wp-json\/wp\/v2\/types\/page"}],"author":[{"embeddable":true,"href":"https:\/\/impuls.blazowa.net\/index.php\/wp-json\/wp\/v2\/users\/1"}],"replies":[{"embeddable":true,"href":"https:\/\/impuls.blazowa.net\/index.php\/wp-json\/wp\/v2\/comments?post=8"}],"version-history":[{"count":6,"href":"https:\/\/impuls.blazowa.net\/index.php\/wp-json\/wp\/v2\/pages\/8\/revisions"}],"predecessor-version":[{"id":170,"href":"https:\/\/impuls.blazowa.net\/index.php\/wp-json\/wp\/v2\/pages\/8\/revisions\/170"}],"wp:attachment":[{"href":"https:\/\/impuls.blazowa.net\/index.php\/wp-json\/wp\/v2\/media?parent=8"}],"curies":[{"name":"wp","href":"https:\/\/api.w.org\/{rel}","templated":true}]}}