{"id":111,"date":"2021-12-02T11:46:01","date_gmt":"2021-12-02T10:46:01","guid":{"rendered":"https:\/\/impuls.blazowa.net\/?page_id=111"},"modified":"2021-12-02T11:48:40","modified_gmt":"2021-12-02T10:48:40","slug":"turystyka","status":"publish","type":"page","link":"https:\/\/impuls.blazowa.net\/index.php\/turystyka\/","title":{"rendered":"Turystyka"},"content":{"rendered":"\n<p>Poni\u017cej znajdziecie Pa\u0144stwo utworzone przez nas atrakcje turystyczno-rekreacyjne na terenie gminy B\u0142a\u017cowa: <\/p>\n\n\n\n<ol class=\"wp-block-list\"><li>Trasy Nordic-Walking<br><\/li><\/ol>\n\n\n\n<div class=\"wp-block-file\"><a href=\"https:\/\/impuls.blazowa.net\/wp-content\/uploads\/2021\/12\/Nordic-Walking-Blazowa-tablica-mapa-gotowa.pdf\">Nordic-Walking-Blazowa<\/a><a href=\"https:\/\/impuls.blazowa.net\/wp-content\/uploads\/2021\/12\/Nordic-Walking-Blazowa-tablica-mapa-gotowa.pdf\" class=\"wp-block-file__button\" download>Pobier<\/a><\/div>\n\n\n\n<p><\/p>\n\n\n\n<ol class=\"wp-block-list\"><li>Trasy rowerowe, wypo\u017cyczalnia rower\u00f3w:<\/li><\/ol>\n\n\n\n<div class=\"wp-block-file\"><a href=\"https:\/\/impuls.blazowa.net\/wp-content\/uploads\/2021\/12\/Impuls-folder-A5-rowery.pdf\">Impuls-folder-A5-rowery<\/a><a href=\"https:\/\/impuls.blazowa.net\/wp-content\/uploads\/2021\/12\/Impuls-folder-A5-rowery.pdf\" class=\"wp-block-file__button\" download>Pobierz<\/a><\/div>\n\n\n\n<div class=\"wp-block-file\"><a href=\"https:\/\/impuls.blazowa.net\/wp-content\/uploads\/2021\/12\/Impuls-tablice-rowery.pdf\">Impuls-tablice-rowery<\/a><a href=\"https:\/\/impuls.blazowa.net\/wp-content\/uploads\/2021\/12\/Impuls-tablice-rowery.pdf\" class=\"wp-block-file__button\" download>Pobierz<\/a><\/div>\n\n\n\n<div class=\"wp-block-group\"><div class=\"wp-block-group__inner-container is-layout-flow wp-block-group-is-layout-flow\">\n<div class=\"wp-block-file\"><a href=\"https:\/\/impuls.blazowa.net\/wp-content\/uploads\/2021\/12\/Regulamin-wypozyczalni.pdf\">Regulamin-wypozyczalni<\/a><a href=\"https:\/\/impuls.blazowa.net\/wp-content\/uploads\/2021\/12\/Regulamin-wypozyczalni.pdf\" class=\"wp-block-file__button\" download>Pobierz<\/a><\/div>\n<\/div><\/div>\n","protected":false},"excerpt":{"rendered":"<p>Poni\u017cej znajdziecie Pa\u0144stwo utworzone przez nas atrakcje turystyczno-rekreacyjne na terenie gminy B\u0142a\u017cowa: Trasy Nordic-Walking Trasy rowerowe, wypo\u017cyczalnia rower\u00f3w:<\/p>\n","protected":false},"author":1,"featured_media":0,"parent":0,"menu_order":0,"comment_status":"closed","ping_status":"closed","template":"","meta":{"footnotes":""},"class_list":["post-111","page","type-page","status-publish","hentry"],"_links":{"self":[{"href":"https:\/\/impuls.blazowa.net\/index.php\/wp-json\/wp\/v2\/pages\/111","targetHints":{"allow":["GET"]}}],"collection":[{"href":"https:\/\/impuls.blazowa.net\/index.php\/wp-json\/wp\/v2\/pages"}],"about":[{"href":"https:\/\/impuls.blazowa.net\/index.php\/wp-json\/wp\/v2\/types\/page"}],"author":[{"embeddable":true,"href":"https:\/\/impuls.blazowa.net\/index.php\/wp-json\/wp\/v2\/users\/1"}],"replies":[{"embeddable":true,"href":"https:\/\/impuls.blazowa.net\/index.php\/wp-json\/wp\/v2\/comments?post=111"}],"version-history":[{"count":3,"href":"https:\/\/impuls.blazowa.net\/index.php\/wp-json\/wp\/v2\/pages\/111\/revisions"}],"predecessor-version":[{"id":119,"href":"https:\/\/impuls.blazowa.net\/index.php\/wp-json\/wp\/v2\/pages\/111\/revisions\/119"}],"wp:attachment":[{"href":"https:\/\/impuls.blazowa.net\/index.php\/wp-json\/wp\/v2\/media?parent=111"}],"curies":[{"name":"wp","href":"https:\/\/api.w.org\/{rel}","templated":true}]}}